{"id":5,"date":"2020-07-01T10:34:01","date_gmt":"2020-07-01T13:34:01","guid":{"rendered":"https:\/\/www.casadapazumuarama.org.br\/site\/?page_id=5"},"modified":"2025-09-17T11:08:00","modified_gmt":"2025-09-17T14:08:00","slug":"pagina-inicial","status":"publish","type":"page","link":"https:\/\/casadapazumuarama.org.br\/site\/","title":{"rendered":"CASA DA PAZ"},"content":{"rendered":"<h2>\u201cSei que meu trabalho \u00e9 uma gota no oceano, mas sem ele, o oceano seria menor&#8221;<br \/>\nSanta Teresa de Calcut\u00e1<\/h2>\n\n<ul class=\"wp-block-latest-posts__list wp-block-latest-posts\"><li><a class=\"wp-block-latest-posts__post-title\" href=\"https:\/\/casadapazumuarama.org.br\/site\/?p=1719\">FEIJOADA 2025<\/a><\/li>\n<li><a class=\"wp-block-latest-posts__post-title\" href=\"https:\/\/casadapazumuarama.org.br\/site\/?p=1678\">Dia das Crian\u00e7as 2024<\/a><\/li>\n<li><a class=\"wp-block-latest-posts__post-title\" href=\"https:\/\/casadapazumuarama.org.br\/site\/?p=1668\">Festival de F\u00e9rias: Um dia incr\u00edvel com nossas fam\u00edlias e comunidade<\/a><\/li>\n<li><a class=\"wp-block-latest-posts__post-title\" href=\"https:\/\/casadapazumuarama.org.br\/site\/?p=1663\">VEM A\u00cd NOSSO FESTIVAL DE F\u00c9RIAS DIA 10\/08<\/a><\/li>\n<li><a class=\"wp-block-latest-posts__post-title\" href=\"https:\/\/casadapazumuarama.org.br\/site\/?p=1658\">VEM A\u00cd A 8\u00ba EDI\u00c7\u00c3O DO BAZAR NA GARAGEM DIA 10\/08<\/a><\/li>\n<\/ul>\n\n\n<p><\/p>\n","protected":false},"excerpt":{"rendered":"<p>\u201cSei que meu trabalho \u00e9 uma gota no oceano, mas sem ele, o oceano seria menor&#8221; Santa Teresa de Calcut\u00e1<\/p>\n","protected":false},"author":1,"featured_media":1501,"parent":0,"menu_order":0,"comment_status":"closed","ping_status":"closed","template":"","meta":{"footnotes":""},"class_list":["post-5","page","type-page","status-publish","has-post-thumbnail","hentry"],"_links":{"self":[{"href":"https:\/\/casadapazumuarama.org.br\/site\/index.php?rest_route=\/wp\/v2\/pages\/5","targetHints":{"allow":["GET"]}}],"collection":[{"href":"https:\/\/casadapazumuarama.org.br\/site\/index.php?rest_route=\/wp\/v2\/pages"}],"about":[{"href":"https:\/\/casadapazumuarama.org.br\/site\/index.php?rest_route=\/wp\/v2\/types\/page"}],"author":[{"embeddable":true,"href":"https:\/\/casadapazumuarama.org.br\/site\/index.php?rest_route=\/wp\/v2\/users\/1"}],"replies":[{"embeddable":true,"href":"https:\/\/casadapazumuarama.org.br\/site\/index.php?rest_route=%2Fwp%2Fv2%2Fcomments&post=5"}],"version-history":[{"count":11,"href":"https:\/\/casadapazumuarama.org.br\/site\/index.php?rest_route=\/wp\/v2\/pages\/5\/revisions"}],"predecessor-version":[{"id":1727,"href":"https:\/\/casadapazumuarama.org.br\/site\/index.php?rest_route=\/wp\/v2\/pages\/5\/revisions\/1727"}],"wp:featuredmedia":[{"embeddable":true,"href":"https:\/\/casadapazumuarama.org.br\/site\/index.php?rest_route=\/wp\/v2\/media\/1501"}],"wp:attachment":[{"href":"https:\/\/casadapazumuarama.org.br\/site\/index.php?rest_route=%2Fwp%2Fv2%2Fmedia&parent=5"}],"curies":[{"name":"wp","href":"https:\/\/api.w.org\/{rel}","templated":true}]}}