{"id":1176,"date":"2022-12-20T22:05:36","date_gmt":"2022-12-21T00:05:36","guid":{"rendered":"https:\/\/www.casadapazumuarama.org.br\/site\/?page_id=1176"},"modified":"2022-12-20T22:11:36","modified_gmt":"2022-12-21T00:11:36","slug":"premios","status":"publish","type":"page","link":"https:\/\/casadapazumuarama.org.br\/site\/?page_id=1176","title":{"rendered":"Pr\u00eamios"},"content":{"rendered":"\n<p class=\"has-text-align-center\"><strong>Ao longo dos anos a Casa da Paz recebeu alguns Pr\u00eamios\/T\u00edtulos, segue abaixo alguns deles:<\/strong><\/p>\n\n\n\n<p class=\"has-text-align-center\"><strong>Pr\u00eamio Impulso | Casa da Paz foi certificada | Categoria Gest\u00e3o<\/strong><\/p>\n\n\n\n<figure class=\"wp-block-gallery columns-2 is-cropped wp-block-gallery-1 is-layout-flex wp-block-gallery-is-layout-flex\"><ul class=\"blocks-gallery-grid\"><li class=\"blocks-gallery-item\"><figure><img loading=\"lazy\" decoding=\"async\" width=\"616\" height=\"606\" src=\"https:\/\/www.casadapazumuarama.org.br\/site\/wp-content\/uploads\/2022\/12\/a2.jpg\" alt=\"\" data-id=\"1170\" data-full-url=\"https:\/\/www.casadapazumuarama.org.br\/site\/wp-content\/uploads\/2022\/12\/a2.jpg\" data-link=\"https:\/\/www.casadapazumuarama.org.br\/site\/?attachment_id=1170\" class=\"wp-image-1170\" srcset=\"https:\/\/casadapazumuarama.org.br\/site\/wp-content\/uploads\/2022\/12\/a2.jpg 616w, https:\/\/casadapazumuarama.org.br\/site\/wp-content\/uploads\/2022\/12\/a2-300x295.jpg 300w\" sizes=\"auto, (max-width: 616px) 100vw, 616px\" \/><\/figure><\/li><li class=\"blocks-gallery-item\"><figure><img loading=\"lazy\" decoding=\"async\" width=\"466\" height=\"558\" src=\"https:\/\/www.casadapazumuarama.org.br\/site\/wp-content\/uploads\/2022\/12\/a1.jpg\" alt=\"\" data-id=\"1169\" data-full-url=\"https:\/\/www.casadapazumuarama.org.br\/site\/wp-content\/uploads\/2022\/12\/a1.jpg\" data-link=\"https:\/\/www.casadapazumuarama.org.br\/site\/?attachment_id=1169\" class=\"wp-image-1169\" srcset=\"https:\/\/casadapazumuarama.org.br\/site\/wp-content\/uploads\/2022\/12\/a1.jpg 466w, https:\/\/casadapazumuarama.org.br\/site\/wp-content\/uploads\/2022\/12\/a1-251x300.jpg 251w\" sizes=\"auto, (max-width: 466px) 100vw, 466px\" \/><\/figure><\/li><\/ul><\/figure>\n","protected":false},"excerpt":{"rendered":"<p>Ao longo dos anos a Casa da Paz recebeu alguns Pr\u00eamios\/T\u00edtulos, segue abaixo alguns deles: Pr\u00eamio Impulso | Casa da Paz foi certificada | Categoria Gest\u00e3o<\/p>\n","protected":false},"author":1,"featured_media":1180,"parent":0,"menu_order":0,"comment_status":"closed","ping_status":"closed","template":"","meta":{"footnotes":""},"class_list":["post-1176","page","type-page","status-publish","has-post-thumbnail","hentry"],"_links":{"self":[{"href":"https:\/\/casadapazumuarama.org.br\/site\/index.php?rest_route=\/wp\/v2\/pages\/1176","targetHints":{"allow":["GET"]}}],"collection":[{"href":"https:\/\/casadapazumuarama.org.br\/site\/index.php?rest_route=\/wp\/v2\/pages"}],"about":[{"href":"https:\/\/casadapazumuarama.org.br\/site\/index.php?rest_route=\/wp\/v2\/types\/page"}],"author":[{"embeddable":true,"href":"https:\/\/casadapazumuarama.org.br\/site\/index.php?rest_route=\/wp\/v2\/users\/1"}],"replies":[{"embeddable":true,"href":"https:\/\/casadapazumuarama.org.br\/site\/index.php?rest_route=%2Fwp%2Fv2%2Fcomments&post=1176"}],"version-history":[{"count":3,"href":"https:\/\/casadapazumuarama.org.br\/site\/index.php?rest_route=\/wp\/v2\/pages\/1176\/revisions"}],"predecessor-version":[{"id":1182,"href":"https:\/\/casadapazumuarama.org.br\/site\/index.php?rest_route=\/wp\/v2\/pages\/1176\/revisions\/1182"}],"wp:featuredmedia":[{"embeddable":true,"href":"https:\/\/casadapazumuarama.org.br\/site\/index.php?rest_route=\/wp\/v2\/media\/1180"}],"wp:attachment":[{"href":"https:\/\/casadapazumuarama.org.br\/site\/index.php?rest_route=%2Fwp%2Fv2%2Fmedia&parent=1176"}],"curies":[{"name":"wp","href":"https:\/\/api.w.org\/{rel}","templated":true}]}}